86*y = -82*y - 16. Suppose -16 = y*p, -2*g - 2*p - 20 = -220. What is the highest common factor of g and 13?
13
Let o be (-1404)/(-22) + (-10)/(-55). Suppose -14*v + o = -12*v. What is the greatest common factor of 272 and v?
16
Suppose 61941 = 24*m + 22605. Calculate the highest common factor of 22 and m.
11
Let d be 22/6 - (-1)/(-6)*-2. Suppose -58 - 120 = d*s - f, 4*s - 2*f = -180. Let w be s/(-1) - (11 - 11). What is the highest common factor of w and 44?
44
Suppose -5*a = 4*y - 192, 3*a - 240 = -235*y + 230*y. Let n(d) = -83*d**3 + 2*d**2 + 2*d + 1. Let m be n(-1). What is the highest common factor of m and y?
12
Let g(n) = 47*n - 2. Let v be g(4). Let s be (-10 - ((-381)/21 + 9))/(1/(-7)). Calculate the highest common divisor of v and s.
6
Suppose -6*g + 44 = -4. Suppose -g*b + 48 = -40. What is the greatest common factor of b and 55?
11
Let i be 5/(345/6) - 1879780/(-115). What is the greatest common factor of i and 44?
22
Let t = -2667 + 5055. Calculate the greatest common factor of t and 12.
12
Suppose 2*b = 5*p + 55 + 22, 37 = b - 2*p. Let u(r) = -r + 44. Let d be u(b). Calculate the highest common factor of d and 533.
13
Suppose -i = -g + 421, -2*g = 63*i - 67*i - 844. Calculate the greatest common factor of 252 and g.
84
Let b(v) = v**2 - 73*v - 3568. Let t be b(-69). What is the highest common divisor of t and 15?
5
Suppose -4*n + c + 60 = 2*c, -5*c = 0. Let w(h) = 7*h**2 - 3*h - 4. Let s be -1 - 1 - (-9 + 11). Let v be w(s). Calculate the highest common divisor of v and n.
15
Let y = 322 + -258. Let b be (1*(-2 - 0))/(17/(-5168)). What is the highest common factor of y and b?
32
Let f = 26 + -18. Let b(a) = 13*a**2 + 7*a + a**3 + 5*a + 8 - 17*a**2 + 11*a**2. Let p be b(-4). What is the greatest common factor of f and p?
8
Suppose 0 = -4*m + 648 + 456. Suppose -64*g = -76*g + m. Calculate the highest common divisor of g and 92.
23
Let l(m) = -325*m - 155. Let a be l(-5). Calculate the highest common factor of a and 28.
14
Let v(s) = 6*s**3 + 6*s**2 - 34*s + 51. Let f be v(5). Calculate the greatest common factor of 55 and f.
11
Suppose -3*k + 507 + 480 = 0. Let z = 584 - k. What is the highest common factor of 15 and z?
15
Let u be (107/(-1) - 1)*(3 + (-918)/8). What is the highest common factor of u and 81?
81
Let h = 4 - -5. Let c be 158592/198 - ((-262)/(-66) - 4). What is the highest common divisor of h and c?
9
Suppose 0 = -2*c - 2*c + 84. Let h be (28/182 - 28/13) + 25. Let s(u) = -u**2 + 30*u + 49. Let k be s(h). Calculate the greatest common factor of c and k.
21
Suppose -5*n + 715 = 4*t, -5*t = -8*t - 3*n + 537. Let c = -10 - -4. Let x be (-8 - c) + 1*22. Calculate the greatest common factor of x and t.
20
Let v be (-4 + (-65)/(-15))*6. Suppose -v*u + 186 = 2*z, 3*z + 0*u - 4*u = 307. Let h = z + -27. What is the highest common factor of h and 14?
14
Let d be -2*(-1*1 - 1)*15030/1336. What is the greatest common divisor of 2130 and d?
15
Let a be 16744/84 - (-40)/(-30). What is the highest common divisor of a and 207?
9
Let p be (-9558)/45 + (-8)/(-20). Let t = p - -240. Let j = 3 - -1. What is the greatest common factor of t and j?
4
Let w be 7/35 + -1 + 448/10. Let t = -22 + w. Suppose 3*l = 5*r + 223, -19 = 5*r + 6. What is the greatest common divisor of l and t?
22
Suppose -3*h = -2*m - 142, m - 190 = -4*h + 3*m. Suppose -6561 = 252*j - 27729. Calculate the highest common factor of h and j.
12
Let g(s) = -72*s**3 - 11*s**2 - 4*s + 109. Let h be g(-4). What is the greatest common divisor of h and 245?
49
Let i = -68 - -101. Let w = -268 - -281. Suppose -w*s + 18*s = 660. What is the greatest common factor of s and i?
33
Suppose 0 = 5*h + 25, 5*h = 2*c - 30 - 5. Suppose c*p - 15 = 5. Suppose -i - 100 = -p*d, -2*d = d + i - 75. What is the highest common divisor of d and 5?
5
Suppose 20*b - 16*b + 362 = -k, 0 = -5*b + 10. Let a = k + 580. What is the greatest common divisor of 126 and a?
42
Let r = 6025 - 5367. What is the highest common divisor of 14 and r?
14
Let c(r) = -7*r**3 - 14*r**2 - 2*r - 21. Let g be c(-3). What is the highest common factor of g and 6672?
48
Let m be 101/(7/56 + (-7)/(-8)). What is the greatest common divisor of 8989 and m?
101
Suppose -6*g = -5*q - 8*g + 66, -2*q + 18 = 5*g. Let o = -11 - -15. Let f(r) = 32*r - 2. Let n be f(o). What is the greatest common factor of q and n?
14
Let y(w) = -2*w**3 - w**2 - 5*w - 2. Let a be y(-2). Suppose 4*f + 3*z - 329 = 0, -19*f = -20*f + 5*z + 65. What is the highest common factor of f and a?
20
Let a be (2*5 + 54 + -62)*2774/4. What is the highest common factor of 76 and a?
19
Suppose 101*l - 12634 = -5059. What is the greatest common factor of 285 and l?
15
Let v be 36/63*(4 - 205/(-10)). What is the greatest common factor of 8302 and v?
14
Let h(l) = -l**3 - 17*l**2 + 23*l + 37. Let r be h(-19). Let v = r - 267. Let p(t) = 6*t**2 - t. Let j be p(2). What is the highest common factor of j and v?
11
Let h be (-6 - -10)*2/(1 - 2). Let b be (-4)/16 + (-1018)/h. Let j = -7 + b. What is the highest common divisor of j and 10?
10
Let o = 378 - 99. Suppose -3636*m - 58 = -3648*m + 50. What is the highest common factor of m and o?
9
Let v be 0/(3/((-3)/(-2))). Suppose 57*h = 29*h - 140. Let m be (v - -2)/(h - (-48)/9). What is the greatest common factor of m and 66?
6
Suppose -3*p + 2*l + 298 = 0, -3*p + 34*l + 305 = 39*l. What is the greatest common factor of 2600 and p?
100
Suppose 11*m - 25 = 8. Let n be 1738/6 - (m + 56/(-24)). What is the greatest common factor of n and 34?
17
Let w be 19 - (6/(-8) - 5/20). Let g(f) = 2*f**3 - 21*f**2 + 19*f + 20. Let r be g(10). Calculate the highest common factor of r and w.
10
Let l = 596 - 451. Calculate the greatest common divisor of 6235 and l.
145
Suppose 5*n - n + 8 = 0, 2*f + 4*n + 40 = 0. Let i be f*15/18*-3. Let v be 4*(3 + 2 + -1). What is the highest common divisor of v and i?
8
Let x(q) = 2*q**2 - 38*q - 55. Suppose -y + 5*b + 39 = 0, -y - 3*b + 20 = -3. Let p be x(y). Calculate the greatest common divisor of 70 and p.
35
Let k be 271 + 4 + 0 - -2. Suppose 4*n - k = -0*n + 5*x, 3*n - 3*x - 207 = 0. Calculate the greatest common divisor of 612 and n.
68
Let t be ((-1)/(-2) - ((-4161)/38 - -14)) + -6. What is the highest common factor of t and 1845?
45
Let b be (-2*197/(-2) - (-14 + 15))*5. Calculate the highest common divisor of 686 and b.
98
Suppose 10*a - 7 - 33 = 0. Suppose 5*l = 4*f - 7*f + 263, a*f - 369 = -3*l. What is the greatest common factor of f and 24?
24
Let f = 150 + -153. Let a be f + 1 + (314 + 6)/8. Calculate the greatest common divisor of 361 and a.
19
Suppose -c + 4*c + 1026 = -2*j, 5*c + 1711 = -3*j. Let d = c - -575. Calculate the highest common factor of d and 33.
33
Let u(g) = -g**3 - 9*g**2 + 79*g + 715. Let n be u(-8). Calculate the greatest common divisor of n and 7.
1
Let p be 3705/195 - (1 + 9). Let b(h) = -33*h - 3. Let x be b(-2). What is the greatest common factor of p and x?
9
Suppose 0 = -31*k + 46556 + 51993. Calculate the greatest common factor of k and 17.
17
Let f be ((-56)/(-70))/(4/10). Suppose -82 = -f*s + 30. What is the greatest common factor of s and 21?
7
Let g = -39 - -201. Suppose -7*m - g = -13*m. What is the greatest common factor of m and 18?
9
Let s(y) = y**3 + 3*y + 12. Let h be s(0). Suppose 3*q + 6*j = 4*j + h, 2*q + 11 = 5*j. Calculate the highest common divisor of 2 and q.
2
Let a = 440 + -442. Let j be (-36 - -4)/(a*(-4)/(-180)). Calculate the highest common factor of 45 and j.
45
Let j be (12 - (-437)/(-46))*4/5*39. What is the greatest common divisor of j and 2834?
26
Let w = 10275 + -10273. Calculate the highest common divisor of 699 and w.
1
Suppose 4*j + 2*r - 100 = 0, -63 - 5 = -3*j - 5*r. Calculate the highest common factor of 3497 and j.
13
Let m be (-15)/(4*(-12)/672). What is the highest common divisor of m and 1218?
42
Let w = -80 - -87. Suppose -105 = -w*d - 8*d. Let k be (72/15)/(((-56)/(-20))/d). Calculate the greatest common divisor of k and 3.
3
Let r = 172 - 332. Let o = r - -164. Suppose c - 93 = -3*i, -2*c - 2*c + 52 = 2*i. Calculate the greatest common divisor of i and o.
4
Let g be -4 + (114/6 - -2). Suppose -19*b + 12 = -g*b. Let a = -8 + 20. What is the highest common divisor of a and b?
6
Let f(p) = -35*p**3 + 20*p**2 + 14*p + 2